{"id":154,"date":"2026-02-19T11:30:55","date_gmt":"2026-02-19T11:30:55","guid":{"rendered":"https:\/\/atoutprix-quimper.com\/?page_id=154"},"modified":"2026-02-26T09:57:37","modified_gmt":"2026-02-26T09:57:37","slug":"qui-sommes-nous","status":"publish","type":"page","link":"https:\/\/atoutprix-quimper.com\/index.php\/qui-sommes-nous\/","title":{"rendered":"Qui sommes-nous"},"content":{"rendered":"\n<h2 class=\"wp-block-heading has-text-align-center has-vivid-red-color has-text-color has-link-color wp-elements-28f95835c64b07053e91e08ce8edfee8\">NOTRE SAVOIR-FAIRE<\/h2>\n\n\n\n<h2 class=\"wp-block-heading has-vivid-red-color has-text-color has-link-color wp-elements-4e3039fa1f040f00f77997dc2efb2a56\">Un magasin sp\u00e9cialis\u00e9<\/h2>\n\n\n\n<p class=\"has-medium-font-size\">Atout Prix est un magasin de d\u00e9stockage, ouvert depuis 2003 et situ\u00e9 au 81-83 avenue TyBos \u00e0 Quimper.<\/p>\n\n\n\n<p class=\"has-medium-font-size\">Fort de ses 2000m\u00b2 de surface, le magasin peut accueillir toute sorte de produits qualitatifs de grandes marques au meilleur prix.<\/p>\n\n\n\n<p class=\"has-medium-font-size\">Pr\u00eat \u00e0 porter, chaussures, cosm\u00e9tique, \u00e9lectrom\u00e9nager, d\u00e9coration, accessoires, alimentaire\u2026 <\/p>\n\n\n\n<p class=\"has-medium-font-size\">Nous proposons les meilleurs produits issus de saisies, liquidations, judiciaires, faillites, litiges transports, destock usines, retour douanes, etc.<\/p>\n\n\n\n<p class=\"has-medium-font-size\">Vous trouverez \u00e0 coup s\u00fbr la perle rare parmi tous nos produits.<\/p>\n\n\n\n<div class=\"wp-block-uagb-separator uagb-block-b479c89f\"><div class=\"uagb-separator-spacing-wrapper\"><div class=\"wp-block-uagb-separator__inner\" style=\"--my-background-image:\"><\/div><\/div><\/div>\n\n\n\n<h2 class=\"wp-block-heading has-vivid-red-color has-text-color has-link-color wp-elements-5de9fa0f1656101f3d1cbc050b6efd10\">Au service des professionnels<\/h2>\n\n\n\n<p class=\"has-medium-font-size\">Vous \u00eates professionnel, n&rsquo;h\u00e9sitez pas \u00e0 nous contacter pour nous proposer vos produits. Nous sommes fort de propositions de reprise de marchandises, de possibilit\u00e9s de rachats de vos invendus ou surstock. <\/p>\n\n\n\n<p class=\"has-medium-font-size\">Notre exp\u00e9rience vous permettra de trouver une solution qualitative \u00e0 l&rsquo;\u00e9coulement de vos stocks, tout en maintenant votre image et votre r\u00e9seau de distribution intacts.<\/p>\n\n\n\n<div class=\"wp-block-uagb-separator uagb-block-8611913a\"><div class=\"uagb-separator-spacing-wrapper\"><div class=\"wp-block-uagb-separator__inner\" style=\"--my-background-image:\"><\/div><\/div><\/div>\n\n\n\n<div class=\"wp-block-uagb-separator uagb-block-872fbdf6\"><div class=\"uagb-separator-spacing-wrapper\"><div class=\"wp-block-uagb-separator__inner\" style=\"--my-background-image:\"><\/div><\/div><\/div>\n\n\n<nav class=\"has-medium-font-size is-responsive items-justified-center wp-block-navigation is-content-justification-center is-layout-flex wp-container-core-navigation-is-layout-16018d1d wp-block-navigation-is-layout-flex\" aria-label=\"Navigation\" \n\t\t data-wp-interactive=\"core\/navigation\" data-wp-context='{\"overlayOpenedBy\":{\"click\":false,\"hover\":false,\"focus\":false},\"type\":\"overlay\",\"roleAttribute\":\"\",\"ariaLabel\":\"Menu\"}'><button aria-haspopup=\"dialog\" aria-label=\"Ouvrir le menu\" class=\"wp-block-navigation__responsive-container-open\" \n\t\t\t\tdata-wp-on--click=\"actions.openMenuOnClick\"\n\t\t\t\tdata-wp-on--keydown=\"actions.handleMenuKeydown\"\n\t\t\t><svg width=\"24\" height=\"24\" xmlns=\"http:\/\/www.w3.org\/2000\/svg\" viewBox=\"0 0 24 24\" aria-hidden=\"true\" focusable=\"false\"><path d=\"M4 7.5h16v1.5H4z\"><\/path><path d=\"M4 15h16v1.5H4z\"><\/path><\/svg><\/button>\n\t\t\t\t<div class=\"wp-block-navigation__responsive-container\"  id=\"modal-1\" \n\t\t\t\tdata-wp-class--has-modal-open=\"state.isMenuOpen\"\n\t\t\t\tdata-wp-class--is-menu-open=\"state.isMenuOpen\"\n\t\t\t\tdata-wp-watch=\"callbacks.initMenu\"\n\t\t\t\tdata-wp-on--keydown=\"actions.handleMenuKeydown\"\n\t\t\t\tdata-wp-on--focusout=\"actions.handleMenuFocusout\"\n\t\t\t\ttabindex=\"-1\"\n\t\t\t>\n\t\t\t\t\t<div class=\"wp-block-navigation__responsive-close\" tabindex=\"-1\">\n\t\t\t\t\t\t<div class=\"wp-block-navigation__responsive-dialog\" \n\t\t\t\tdata-wp-bind--aria-modal=\"state.ariaModal\"\n\t\t\t\tdata-wp-bind--aria-label=\"state.ariaLabel\"\n\t\t\t\tdata-wp-bind--role=\"state.roleAttribute\"\n\t\t\t>\n\t\t\t\t\t\t\t<button aria-label=\"Fermer le menu\" class=\"wp-block-navigation__responsive-container-close\" \n\t\t\t\tdata-wp-on--click=\"actions.closeMenuOnClick\"\n\t\t\t><svg xmlns=\"http:\/\/www.w3.org\/2000\/svg\" viewBox=\"0 0 24 24\" width=\"24\" height=\"24\" aria-hidden=\"true\" focusable=\"false\"><path d=\"m13.06 12 6.47-6.47-1.06-1.06L12 10.94 5.53 4.47 4.47 5.53 10.94 12l-6.47 6.47 1.06 1.06L12 13.06l6.47 6.47 1.06-1.06L13.06 12Z\"><\/path><\/svg><\/button>\n\t\t\t\t\t\t\t<div class=\"wp-block-navigation__responsive-container-content\" \n\t\t\t\tdata-wp-watch=\"callbacks.focusFirstElement\"\n\t\t\t id=\"modal-1-content\">\n\t\t\t\t\t\t\t\t<ul class=\"wp-block-navigation__container has-medium-font-size is-responsive items-justified-center wp-block-navigation has-medium-font-size\"><li class=\"has-medium-font-size wp-block-navigation-item wp-block-navigation-link\"><a class=\"wp-block-navigation-item__content\"  href=\"https:\/\/atoutprix-quimper.com\/\"><span class=\"wp-block-navigation-item__label\">Accueil<\/span><\/a><\/li><li class=\"has-medium-font-size wp-block-navigation-item wp-block-navigation-link\"><a class=\"wp-block-navigation-item__content\"  href=\"https:\/\/atoutprix-quimper.com\/index.php\/recrutement\/\"><span class=\"wp-block-navigation-item__label\">Recrutement<\/span><\/a><\/li><li class=\"has-medium-font-size wp-block-navigation-item wp-block-navigation-link\"><a class=\"wp-block-navigation-item__content\"  href=\"https:\/\/atoutprix-quimper.com\/index.php\/mentions-legales\/\"><span class=\"wp-block-navigation-item__label\">Mentions l\u00e9gales<\/span><\/a><\/li><li class=\"has-medium-font-size wp-block-navigation-item wp-block-navigation-link\"><a class=\"wp-block-navigation-item__content\"  href=\"https:\/\/atoutprix-quimper.com\/index.php\/contact\/\"><span class=\"wp-block-navigation-item__label\">Contact<\/span><\/a><\/li><\/ul>\n\t\t\t\t\t\t\t<\/div>\n\t\t\t\t\t\t<\/div>\n\t\t\t\t\t<\/div>\n\t\t\t\t<\/div><\/nav>","protected":false},"excerpt":{"rendered":"<p>NOTRE SAVOIR-FAIRE Un magasin sp\u00e9cialis\u00e9 Atout Prix est un magasin de d\u00e9stockage, ouvert depuis 2003 et situ\u00e9 au 81-83 avenue TyBos \u00e0 Quimper. Fort de ses 2000m\u00b2 de surface, le magasin peut accueillir toute sorte de produits qualitatifs de grandes marques au meilleur prix. Pr\u00eat \u00e0 porter, chaussures, cosm\u00e9tique, \u00e9lectrom\u00e9nager, d\u00e9coration, accessoires, alimentaire\u2026 Nous proposons les meilleurs produits issus de saisies, liquidations, judiciaires, faillites, litiges transports, destock usines, retour douanes, etc. Vous trouverez \u00e0 coup s\u00fbr la perle rare parmi tous nos produits. Au service des professionnels Vous \u00eates professionnel, n&rsquo;h\u00e9sitez pas \u00e0 nous contacter pour nous proposer vos produits. Nous sommes fort de propositions de reprise de marchandises, de possibilit\u00e9s de rachats de vos invendus ou surstock. Notre exp\u00e9rience vous permettra de trouver une solution qualitative \u00e0 l&rsquo;\u00e9coulement de vos stocks, tout en maintenant votre image et votre r\u00e9seau de distribution intacts.<\/p>\n","protected":false},"author":1,"featured_media":0,"parent":0,"menu_order":0,"comment_status":"closed","ping_status":"closed","template":"","meta":{"_uag_custom_page_level_css":"","footnotes":""},"class_list":["post-154","page","type-page","status-publish","hentry"],"uagb_featured_image_src":{"full":false,"thumbnail":false,"medium":false,"medium_large":false,"large":false,"1536x1536":false,"2048x2048":false,"bard-slider-full-thumbnail":false,"bard-full-thumbnail":false,"bard-grid-thumbnail":false,"bard-list-thumbnail":false,"bard-single-navigation":false},"uagb_author_info":{"display_name":"admin2992","author_link":"https:\/\/atoutprix-quimper.com\/index.php\/author\/admin2992\/"},"uagb_comment_info":0,"uagb_excerpt":"NOTRE SAVOIR-FAIRE Un magasin sp\u00e9cialis\u00e9 Atout Prix est un magasin de d\u00e9stockage, ouvert depuis 2003 et situ\u00e9 au 81-83 avenue TyBos \u00e0 Quimper. Fort de ses 2000m\u00b2 de surface, le magasin peut accueillir toute sorte de produits qualitatifs de grandes marques au meilleur prix. Pr\u00eat \u00e0 porter, chaussures, cosm\u00e9tique, \u00e9lectrom\u00e9nager, d\u00e9coration, accessoires, alimentaire\u2026 Nous proposons\u2026","_links":{"self":[{"href":"https:\/\/atoutprix-quimper.com\/index.php\/wp-json\/wp\/v2\/pages\/154","targetHints":{"allow":["GET"]}}],"collection":[{"href":"https:\/\/atoutprix-quimper.com\/index.php\/wp-json\/wp\/v2\/pages"}],"about":[{"href":"https:\/\/atoutprix-quimper.com\/index.php\/wp-json\/wp\/v2\/types\/page"}],"author":[{"embeddable":true,"href":"https:\/\/atoutprix-quimper.com\/index.php\/wp-json\/wp\/v2\/users\/1"}],"replies":[{"embeddable":true,"href":"https:\/\/atoutprix-quimper.com\/index.php\/wp-json\/wp\/v2\/comments?post=154"}],"version-history":[{"count":14,"href":"https:\/\/atoutprix-quimper.com\/index.php\/wp-json\/wp\/v2\/pages\/154\/revisions"}],"predecessor-version":[{"id":281,"href":"https:\/\/atoutprix-quimper.com\/index.php\/wp-json\/wp\/v2\/pages\/154\/revisions\/281"}],"wp:attachment":[{"href":"https:\/\/atoutprix-quimper.com\/index.php\/wp-json\/wp\/v2\/media?parent=154"}],"curies":[{"name":"wp","href":"https:\/\/api.w.org\/{rel}","templated":true}]}}

<h2 class="wp-block-heading has-text-align-center has-vivid-red-color has-text-color has-link-color wp-elements-28f95835c64b07053e91e08ce8edfee8">NOTRE SAVOIR-FAIRE</h2>



<h2 class="wp-block-heading has-vivid-red-color has-text-color has-link-color wp-elements-4e3039fa1f040f00f77997dc2efb2a56">Un magasin spécialisé</h2>



<p class="has-medium-font-size">Atout Prix est un magasin de déstockage, ouvert depuis 2003 et situé au 81-83 avenue TyBos à Quimper.</p>



<p class="has-medium-font-size">Fort de ses 2000m² de surface, le magasin peut accueillir toute sorte de produits qualitatifs de grandes marques au meilleur prix.</p>



<p class="has-medium-font-size">Prêt à porter, chaussures, cosmétique, électroménager, décoration, accessoires, alimentaire… </p>



<p class="has-medium-font-size">Nous proposons les meilleurs produits issus de saisies, liquidations, judiciaires, faillites, litiges transports, destock usines, retour douanes, etc.</p>



<p class="has-medium-font-size">Vous trouverez à coup sûr la perle rare parmi tous nos produits.</p>



<div class="wp-block-uagb-separator uagb-block-b479c89f"><div class="uagb-separator-spacing-wrapper"><div class="wp-block-uagb-separator__inner" style="--my-background-image:"></div></div></div>



<h2 class="wp-block-heading has-vivid-red-color has-text-color has-link-color wp-elements-5de9fa0f1656101f3d1cbc050b6efd10">Au service des professionnels</h2>



<p class="has-medium-font-size">Vous êtes professionnel, n&rsquo;hésitez pas à nous contacter pour nous proposer vos produits. Nous sommes fort de propositions de reprise de marchandises, de possibilités de rachats de vos invendus ou surstock. </p>



<p class="has-medium-font-size">Notre expérience vous permettra de trouver une solution qualitative à l&rsquo;écoulement de vos stocks, tout en maintenant votre image et votre réseau de distribution intacts.</p>



<div class="wp-block-uagb-separator uagb-block-8611913a"><div class="uagb-separator-spacing-wrapper"><div class="wp-block-uagb-separator__inner" style="--my-background-image:"></div></div></div>



<div class="wp-block-uagb-separator uagb-block-872fbdf6"><div class="uagb-separator-spacing-wrapper"><div class="wp-block-uagb-separator__inner" style="--my-background-image:"></div></div></div>


<nav class="has-medium-font-size is-responsive items-justified-center wp-block-navigation is-content-justification-center is-layout-flex wp-container-core-navigation-is-layout-16018d1d wp-block-navigation-is-layout-flex" aria-label="Navigation" 
		 data-wp-interactive="core/navigation" data-wp-context='{"overlayOpenedBy":{"click":false,"hover":false,"focus":false},"type":"overlay","roleAttribute":"","ariaLabel":"Menu"}'><button aria-haspopup="dialog" aria-label="Ouvrir le menu" class="wp-block-navigation__responsive-container-open" 
				data-wp-on--click="actions.openMenuOnClick"
				data-wp-on--keydown="actions.handleMenuKeydown"
			><svg width="24" height="24" xmlns="http://www.w3.org/2000/svg" viewBox="0 0 24 24" aria-hidden="true" focusable="false"><path d="M4 7.5h16v1.5H4z"></path><path d="M4 15h16v1.5H4z"></path></svg></button>
				<div class="wp-block-navigation__responsive-container"  id="modal-1" 
				data-wp-class--has-modal-open="state.isMenuOpen"
				data-wp-class--is-menu-open="state.isMenuOpen"
				data-wp-watch="callbacks.initMenu"
				data-wp-on--keydown="actions.handleMenuKeydown"
				data-wp-on--focusout="actions.handleMenuFocusout"
				tabindex="-1"
			>
					<div class="wp-block-navigation__responsive-close" tabindex="-1">
						<div class="wp-block-navigation__responsive-dialog" 
				data-wp-bind--aria-modal="state.ariaModal"
				data-wp-bind--aria-label="state.ariaLabel"
				data-wp-bind--role="state.roleAttribute"
			>
							<button aria-label="Fermer le menu" class="wp-block-navigation__responsive-container-close" 
				data-wp-on--click="actions.closeMenuOnClick"
			><svg xmlns="http://www.w3.org/2000/svg" viewBox="0 0 24 24" width="24" height="24" aria-hidden="true" focusable="false"><path d="m13.06 12 6.47-6.47-1.06-1.06L12 10.94 5.53 4.47 4.47 5.53 10.94 12l-6.47 6.47 1.06 1.06L12 13.06l6.47 6.47 1.06-1.06L13.06 12Z"></path></svg></button>
							<div class="wp-block-navigation__responsive-container-content" 
				data-wp-watch="callbacks.focusFirstElement"
			 id="modal-1-content">
								<ul class="wp-block-navigation__container has-medium-font-size is-responsive items-justified-center wp-block-navigation has-medium-font-size"><li class="has-medium-font-size wp-block-navigation-item wp-block-navigation-link"><a class="wp-block-navigation-item__content"  href="https://atoutprix-quimper.com/"><span class="wp-block-navigation-item__label">Accueil</span></a></li><li class="has-medium-font-size wp-block-navigation-item wp-block-navigation-link"><a class="wp-block-navigation-item__content"  href="https://atoutprix-quimper.com/index.php/recrutement/"><span class="wp-block-navigation-item__label">Recrutement</span></a></li><li class="has-medium-font-size wp-block-navigation-item wp-block-navigation-link"><a class="wp-block-navigation-item__content"  href="https://atoutprix-quimper.com/index.php/mentions-legales/"><span class="wp-block-navigation-item__label">Mentions légales</span></a></li><li class="has-medium-font-size wp-block-navigation-item wp-block-navigation-link"><a class="wp-block-navigation-item__content"  href="https://atoutprix-quimper.com/index.php/contact/"><span class="wp-block-navigation-item__label">Contact</span></a></li></ul>
							</div>
						</div>
					</div>
				</div></nav>

<p>NOTRE SAVOIR-FAIRE Un magasin spécialisé Atout Prix est un magasin de déstockage, ouvert depuis 2003 et situé au 81-83 avenue TyBos à Quimper. Fort de ses 2000m² de surface, le magasin peut accueillir toute sorte de produits qualitatifs de grandes marques au meilleur prix. Prêt à porter, chaussures, cosmétique, électroménager, décoration, accessoires, alimentaire… Nous proposons les meilleurs produits issus de saisies, liquidations, judiciaires, faillites, litiges transports, destock usines, retour douanes, etc. Vous trouverez à coup sûr la perle rare parmi tous nos produits. Au service des professionnels Vous êtes professionnel, n&rsquo;hésitez pas à nous contacter pour nous proposer vos produits. Nous sommes fort de propositions de reprise de marchandises, de possibilités de rachats de vos invendus ou surstock. Notre expérience vous permettra de trouver une solution qualitative à l&rsquo;écoulement de vos stocks, tout en maintenant votre image et votre réseau de distribution intacts.</p>

NOTRE SAVOIR-FAIRE Un magasin spécialisé Atout Prix est un magasin de déstockage, ouvert depuis 2003 et situé au 81-83 avenue TyBos à Quimper. Fort de ses 2000m² de surface, le magasin peut accueillir toute sorte de produits qualitatifs de grandes marques au meilleur prix. Prêt à porter, chaussures, cosmétique, électroménager, décoration, accessoires, alimentaire… Nous proposons…
